{"id":824,"date":"2025-02-03T16:43:07","date_gmt":"2025-02-03T15:43:07","guid":{"rendered":"https:\/\/pourkoila.fr\/?page_id=824"},"modified":"2025-04-05T11:32:15","modified_gmt":"2025-04-05T09:32:15","slug":"free-deboute","status":"publish","type":"page","link":"https:\/\/pourkoila.fr\/?page_id=824","title":{"rendered":"Free d\u00e9bout\u00e9"},"content":{"rendered":"\n<p class=\"has-text-align-center has-text-color has-background has-link-color has-large-font-size wp-elements-51b34fd354454e331a3e688b68c8416c\" style=\"border-radius:25px;color:#e7ca7a;background-color:#8263358c\">Voici quelques cas o\u00f9 Free a \u00e9t\u00e9 d\u00e9bout\u00e9 :<\/p>\n\n\n\n<p class=\"has-vivid-cyan-blue-color has-text-color has-background has-link-color wp-elements-77337780a3f5f0b527fc735bcdcd1f9c\" style=\"border-radius:15px;background-color:#d5eee4\"><a href=\"https:\/\/actu.fr\/ile-de-france\/yerres_91691\/essonne-free-va-devoir-deplacer-les-antennes-relais-qu-il-avait-cachees-dans-de-fausses-cheminees_62034946.html\">https:\/\/actu.fr\/ile-de-france\/yerres_91691\/essonne-free-va-devoir-deplacer-les-antennes-relais-qu-il-avait-cachees-dans-de-fausses-cheminees_62034946.html<\/a><\/p>\n\n\n\n<p class=\"has-vivid-cyan-blue-color has-text-color has-background has-link-color wp-elements-49c24fb2acd7d44774e2046fbc06635d\" style=\"border-radius:17px;background-color:#c5e7d7\"><a href=\"https:\/\/france3-regions.francetvinfo.fr\/provence-alpes-cote-d-azur\/alpes-maritimes\/grasse\/un-collectif-se-bat-contre-l-implantation-de-deux-antennes-relais-free-a-tourrettes-sur-loup-3022526.html\">https:\/\/france3-regions.francetvinfo.fr\/provence-alpes-cote-d-azur\/alpes-maritimes\/grasse\/un-collectif-se-bat-contre-l-implantation-de-deux-antennes-relais-free-a-tourrettes-sur-loup-3022526.html<\/a><\/p>\n\n\n\n<p class=\"has-vivid-cyan-blue-color has-text-color has-background has-link-color wp-elements-2eaa2a55aac8acba0f51dfd31b3507aa\" style=\"border-radius:15px;background-color:#bcf0db\"><a href=\"https:\/\/www.sudouest.fr\/pyrenees-atlantiques\/bayonne\/arcangues-le-tribunal-administratif-de-pau-donne-raison-a-la-commune-contre-l-operateur-free-mobile-18574274.php\">https:\/\/www.sudouest.fr\/pyrenees-atlantiques\/bayonne\/arcangues-le-tribunal-administratif-de-pau-donne-raison-a-la-commune-contre-l-operateur-free-mobile-18574274.php<\/a><\/p>\n\n\n\n<figure class=\"wp-block-embed is-type-wp-embed is-provider-le-reporter-sablais wp-block-embed-le-reporter-sablais\"><div class=\"wp-block-embed__wrapper\">\n<blockquote class=\"wp-embedded-content\" data-secret=\"CfTjmhbuPZ\"><a href=\"https:\/\/www.lereportersablais.com\/ile-dolonne-vendee-free-mobile-deboutee-devant-le-tribunal-administratif-de-nantes-redaction-les-sables-dolonne\/\">Ile-d&rsquo;Olonne Vend\u00e9e. FREE mobile d\u00e9bout\u00e9e devant le Tribunal administratif de Nantes (R\u00e9daction Les Sables-d&rsquo;Olonne)<\/a><\/blockquote><iframe loading=\"lazy\" class=\"wp-embedded-content\" sandbox=\"allow-scripts\" security=\"restricted\" style=\"position: absolute; visibility: hidden;\" title=\"\u00ab\u00a0Ile-d&rsquo;Olonne Vend\u00e9e. FREE mobile d\u00e9bout\u00e9e devant le Tribunal administratif de Nantes (R\u00e9daction Les Sables-d&rsquo;Olonne)\u00a0\u00bb &#8212; Le Reporter sablais\" src=\"https:\/\/www.lereportersablais.com\/ile-dolonne-vendee-free-mobile-deboutee-devant-le-tribunal-administratif-de-nantes-redaction-les-sables-dolonne\/embed\/#?secret=79rCY0DoHj#?secret=CfTjmhbuPZ\" data-secret=\"CfTjmhbuPZ\" width=\"600\" height=\"338\" frameborder=\"0\" marginwidth=\"0\" marginheight=\"0\" scrolling=\"no\"><\/iframe>\n<\/div><\/figure>\n","protected":false},"excerpt":{"rendered":"<p>Voici quelques cas o\u00f9 Free a \u00e9t\u00e9 d\u00e9bout\u00e9 : https:\/\/actu.fr\/ile-de-france\/yerres_91691\/essonne-free-va-devoir-deplacer-les-antennes-relais-qu-il-avait-cachees-dans-de-fausses-cheminees_62034946.html https:\/\/france3-regions.francetvinfo.fr\/provence-alpes-cote-d-azur\/alpes-maritimes\/grasse\/un-collectif-se-bat-contre-l-implantation-de-deux-antennes-relais-free-a-tourrettes-sur-loup-3022526.html https:\/\/www.sudouest.fr\/pyrenees-atlantiques\/bayonne\/arcangues-le-tribunal-administratif-de-pau-donne-raison-a-la-commune-contre-l-operateur-free-mobile-18574274.php<\/p>\n","protected":false},"author":1,"featured_media":0,"parent":0,"menu_order":0,"comment_status":"closed","ping_status":"closed","template":"","meta":{"footnotes":""},"class_list":["post-824","page","type-page","status-publish","hentry"],"blocksy_meta":[],"aioseo_notices":[],"_links":{"self":[{"href":"https:\/\/pourkoila.fr\/index.php?rest_route=\/wp\/v2\/pages\/824","targetHints":{"allow":["GET"]}}],"collection":[{"href":"https:\/\/pourkoila.fr\/index.php?rest_route=\/wp\/v2\/pages"}],"about":[{"href":"https:\/\/pourkoila.fr\/index.php?rest_route=\/wp\/v2\/types\/page"}],"author":[{"embeddable":true,"href":"https:\/\/pourkoila.fr\/index.php?rest_route=\/wp\/v2\/users\/1"}],"replies":[{"embeddable":true,"href":"https:\/\/pourkoila.fr\/index.php?rest_route=%2Fwp%2Fv2%2Fcomments&post=824"}],"version-history":[{"count":7,"href":"https:\/\/pourkoila.fr\/index.php?rest_route=\/wp\/v2\/pages\/824\/revisions"}],"predecessor-version":[{"id":1239,"href":"https:\/\/pourkoila.fr\/index.php?rest_route=\/wp\/v2\/pages\/824\/revisions\/1239"}],"wp:attachment":[{"href":"https:\/\/pourkoila.fr\/index.php?rest_route=%2Fwp%2Fv2%2Fmedia&parent=824"}],"curies":[{"name":"wp","href":"https:\/\/api.w.org\/{rel}","templated":true}]}}