{"id":1333,"date":"2026-03-09T18:28:48","date_gmt":"2026-03-09T17:28:48","guid":{"rendered":"https:\/\/pourkoila.fr\/?page_id=1333"},"modified":"2026-04-17T18:05:41","modified_gmt":"2026-04-17T16:05:41","slug":"free-remet-le-couvert-sur-saint-die","status":"publish","type":"page","link":"https:\/\/pourkoila.fr\/","title":{"rendered":"Saint-Di\u00e9"},"content":{"rendered":"\n<div class=\"wp-block-columns is-layout-flex wp-container-core-columns-is-layout-28f84493 wp-block-columns-is-layout-flex\">\n<div class=\"wp-block-column is-layout-flow wp-block-column-is-layout-flow\">\n<h2 class=\"wp-block-heading has-text-align-center has-palette-color-6-color has-text-color has-background has-link-color wp-elements-afdaac72b6f38a689917a01cb6d7aa69\" style=\"border-style:none;border-width:0px;border-radius:21px;background-color:#ff6a0078;font-size:clamp(23.043px, 1.44rem + ((1vw - 3.2px) * 1.169), 38px);\">Pourkoil\u00e0 !<\/h2>\n<\/div>\n<\/div>\n\n\n\n<div style=\"height:100px\" aria-hidden=\"true\" class=\"wp-block-spacer\"><\/div>\n\n\n\n<div class=\"wp-block-columns is-layout-flex wp-container-core-columns-is-layout-28f84493 wp-block-columns-is-layout-flex\">\n<div class=\"wp-block-column has-pale-pink-background-color has-background is-layout-flow wp-block-column-is-layout-flow\" style=\"border-top-left-radius:27px;border-top-right-radius:27px;border-bottom-left-radius:27px;border-bottom-right-radius:27px\">\n<h2 class=\"wp-block-heading has-text-align-center has-large-font-size\" style=\"border-width:3px;padding-top:var(--wp--preset--spacing--30);padding-right:var(--wp--preset--spacing--30);padding-bottom:var(--wp--preset--spacing--30);padding-left:var(--wp--preset--spacing--30)\">Projet d&rsquo;antenne sur Saint-Di\u00e9-les-Vosges : Free renonce au projet.<\/h2>\n<\/div>\n<\/div>\n\n\n\n<div class=\"wp-block-columns is-layout-flex wp-container-core-columns-is-layout-28f84493 wp-block-columns-is-layout-flex\">\n<div class=\"wp-block-column is-vertically-aligned-center has-pale-cyan-blue-background-color has-background is-layout-flow wp-block-column-is-layout-flow\" style=\"border-top-left-radius:25px;border-top-right-radius:25px;border-bottom-left-radius:25px;border-bottom-right-radius:25px;padding-top:var(--wp--preset--spacing--40);padding-right:var(--wp--preset--spacing--40);padding-bottom:var(--wp--preset--spacing--40);padding-left:var(--wp--preset--spacing--40);flex-basis:66.66%\">\n<p class=\"has-text-align-center\">Apr\u00e8s plusieurs mois d\u2019attente et de luttes, l\u2019op\u00e9rateur Free renonce \u00e0 son projet d\u2019antenne 5G de 42 m de haut au Bois-Basselin. Un collectif de riverains s\u2019est mobilis\u00e9 pour s\u2019opposer \u00e0 ce projet act\u00e9 en conseil municipal avant que le maire ne d\u00e9cide de casser la convention d\u2019occupation du domaine public.<\/p>\n\n\n\n<p class=\"has-text-align-center\">Le combat semble toucher \u00e0 sa fin pour les riverains du Bois-Basselin. Eux qui redoutaient l\u2019\u00e9mergence d\u2019une antenne 5G de 42 m de haut, au pied du massif de l\u2019Ormont, sur un terrain communal au lieu-dit Au Jeune Champ.<\/p>\n<\/div>\n\n\n\n<div class=\"wp-block-column is-vertically-aligned-center is-layout-flow wp-block-column-is-layout-flow\" style=\"flex-basis:33.33%\">\n<figure data-wp-context=\"{&quot;imageId&quot;:&quot;69eb6833d45de&quot;}\" data-wp-interactive=\"core\/image\" data-wp-key=\"69eb6833d45de\" class=\"wp-block-image alignwide size-full has-custom-border is-style-default wp-lightbox-container\"><img loading=\"lazy\" decoding=\"async\" width=\"640\" height=\"427\" data-wp-class--hide=\"state.isContentHidden\" data-wp-class--show=\"state.isContentVisible\" data-wp-init=\"callbacks.setButtonStyles\" data-wp-on--click=\"actions.showLightbox\" data-wp-on--load=\"callbacks.setButtonStyles\" data-wp-on-window--resize=\"callbacks.setButtonStyles\" src=\"https:\/\/pourkoila.fr\/wp-content\/uploads\/2026\/04\/1O8A7083.jpeg\" alt=\"\" class=\"wp-image-1398\" style=\"border-top-left-radius:9px;border-top-right-radius:9px;border-bottom-left-radius:9px;border-bottom-right-radius:9px\" srcset=\"https:\/\/pourkoila.fr\/wp-content\/uploads\/2026\/04\/1O8A7083.jpeg 640w, https:\/\/pourkoila.fr\/wp-content\/uploads\/2026\/04\/1O8A7083-300x200.jpeg 300w\" sizes=\"auto, (max-width: 640px) 100vw, 640px\" \/><button\n\t\t\tclass=\"lightbox-trigger\"\n\t\t\ttype=\"button\"\n\t\t\taria-haspopup=\"dialog\"\n\t\t\taria-label=\"Agrandir\"\n\t\t\tdata-wp-init=\"callbacks.initTriggerButton\"\n\t\t\tdata-wp-on--click=\"actions.showLightbox\"\n\t\t\tdata-wp-style--right=\"state.imageButtonRight\"\n\t\t\tdata-wp-style--top=\"state.imageButtonTop\"\n\t\t>\n\t\t\t<svg xmlns=\"http:\/\/www.w3.org\/2000\/svg\" width=\"12\" height=\"12\" fill=\"none\" viewBox=\"0 0 12 12\">\n\t\t\t\t<path fill=\"#fff\" d=\"M2 0a2 2 0 0 0-2 2v2h1.5V2a.5.5 0 0 1 .5-.5h2V0H2Zm2 10.5H2a.5.5 0 0 1-.5-.5V8H0v2a2 2 0 0 0 2 2h2v-1.5ZM8 12v-1.5h2a.5.5 0 0 0 .5-.5V8H12v2a2 2 0 0 1-2 2H8Zm2-12a2 2 0 0 1 2 2v2h-1.5V2a.5.5 0 0 0-.5-.5H8V0h2Z\" \/>\n\t\t\t<\/svg>\n\t\t<\/button><\/figure>\n<\/div>\n<\/div>\n\n\n\n<div class=\"wp-block-columns are-vertically-aligned-center is-layout-flex wp-container-core-columns-is-layout-28f84493 wp-block-columns-is-layout-flex\" style=\"border-top-left-radius:30px;border-top-right-radius:30px;border-bottom-left-radius:30px;border-bottom-right-radius:30px\">\n<div class=\"wp-block-column is-vertically-aligned-center has-light-green-cyan-background-color has-background is-layout-flow wp-block-column-is-layout-flow\" style=\"border-top-left-radius:7px;border-top-right-radius:7px;border-bottom-left-radius:7px;border-bottom-right-radius:7px;padding-top:var(--wp--preset--spacing--30);padding-right:var(--wp--preset--spacing--30);padding-bottom:var(--wp--preset--spacing--30);padding-left:var(--wp--preset--spacing--30);flex-basis:25%\">\n<figure data-wp-context=\"{&quot;imageId&quot;:&quot;69eb6833d4a70&quot;}\" data-wp-interactive=\"core\/image\" data-wp-key=\"69eb6833d4a70\" class=\"wp-block-image size-large wp-lightbox-container\"><img loading=\"lazy\" decoding=\"async\" width=\"498\" height=\"1024\" data-wp-class--hide=\"state.isContentHidden\" data-wp-class--show=\"state.isContentVisible\" data-wp-init=\"callbacks.setButtonStyles\" data-wp-on--click=\"actions.showLightbox\" data-wp-on--load=\"callbacks.setButtonStyles\" data-wp-on-window--resize=\"callbacks.setButtonStyles\" src=\"https:\/\/pourkoila.fr\/wp-content\/uploads\/2026\/04\/Fin-Antenne-relais-Saint-Die-498x1024.jpg\" alt=\"\" class=\"wp-image-1382\" srcset=\"https:\/\/pourkoila.fr\/wp-content\/uploads\/2026\/04\/Fin-Antenne-relais-Saint-Die-498x1024.jpg 498w, https:\/\/pourkoila.fr\/wp-content\/uploads\/2026\/04\/Fin-Antenne-relais-Saint-Die-146x300.jpg 146w, https:\/\/pourkoila.fr\/wp-content\/uploads\/2026\/04\/Fin-Antenne-relais-Saint-Die.jpg 523w\" sizes=\"auto, (max-width: 498px) 100vw, 498px\" \/><button\n\t\t\tclass=\"lightbox-trigger\"\n\t\t\ttype=\"button\"\n\t\t\taria-haspopup=\"dialog\"\n\t\t\taria-label=\"Agrandir\"\n\t\t\tdata-wp-init=\"callbacks.initTriggerButton\"\n\t\t\tdata-wp-on--click=\"actions.showLightbox\"\n\t\t\tdata-wp-style--right=\"state.imageButtonRight\"\n\t\t\tdata-wp-style--top=\"state.imageButtonTop\"\n\t\t>\n\t\t\t<svg xmlns=\"http:\/\/www.w3.org\/2000\/svg\" width=\"12\" height=\"12\" fill=\"none\" viewBox=\"0 0 12 12\">\n\t\t\t\t<path fill=\"#fff\" d=\"M2 0a2 2 0 0 0-2 2v2h1.5V2a.5.5 0 0 1 .5-.5h2V0H2Zm2 10.5H2a.5.5 0 0 1-.5-.5V8H0v2a2 2 0 0 0 2 2h2v-1.5ZM8 12v-1.5h2a.5.5 0 0 0 .5-.5V8H12v2a2 2 0 0 1-2 2H8Zm2-12a2 2 0 0 1 2 2v2h-1.5V2a.5.5 0 0 0-.5-.5H8V0h2Z\" \/>\n\t\t\t<\/svg>\n\t\t<\/button><\/figure>\n<\/div>\n\n\n\n<div class=\"wp-block-column is-vertically-aligned-center is-layout-flow wp-block-column-is-layout-flow\" style=\"border-top-left-radius:20px;border-top-right-radius:20px;border-bottom-left-radius:20px;border-bottom-right-radius:20px;padding-top:var(--wp--preset--spacing--30);padding-right:var(--wp--preset--spacing--30);padding-bottom:var(--wp--preset--spacing--30);padding-left:var(--wp--preset--spacing--30)\">\n<p class=\"has-text-align-center has-pale-pink-background-color has-background\" style=\"border-top-left-radius:20px;border-top-right-radius:20px;border-bottom-left-radius:20px;border-bottom-right-radius:20px\"><strong><br><\/strong>Le maire Bruno Toussaint a fait part, ce mardi en fin de journ\u00e9e, du \u00ab retrait total \u00bb du projet d\u2019antenne par l\u2019op\u00e9rateur t\u00e9l\u00e9phonique Free Mobile pour \u00ab motif d\u2019int\u00e9r\u00eat g\u00e9n\u00e9ral \u00bb, quelques mois apr\u00e8s la validation en conseil municipal (\u00e0 l\u2019unanimit\u00e9) de la convention d\u2019occupation du domaine public autorisant son installation contre une redevance annuelle de 6 500 \u20ac au profit de la Ville de Saint-Di\u00e9. Convention d\u2019occupation sign\u00e9e dont l\u2019annulation a \u00e9t\u00e9 demand\u00e9e par le premier \u00e9dile, apr\u00e8s <a href=\"https:\/\/www.vosgesmatin.fr\/economie\/2026\/03\/09\/projet-d-antenne-5g-de-42-m-de-haut-a-saint-die-des-riverains-saisissent-la-justice-la-mairie-veut-casser-la-convention-avec-free\" target=\"_blank\" rel=\"noreferrer noopener\">des r\u00e9unions avec le collectif d\u2019habitants<\/a> ayant \u00ab permis de prendre la pleine mesure du dossier \u00bb et \u00ab la l\u00e9gitimit\u00e9 des recours engag\u00e9s \u00bb, lors d\u2019un courrier recommand\u00e9 du 24 f\u00e9vrier.<\/p>\n\n\n\n<div style=\"height:50px\" aria-hidden=\"true\" class=\"wp-block-spacer\"><\/div>\n\n\n\n<div class=\"wp-block-columns is-layout-flex wp-container-core-columns-is-layout-28f84493 wp-block-columns-is-layout-flex\">\n<div class=\"wp-block-column is-layout-flow wp-block-column-is-layout-flow\">\n<p class=\"has-cyan-bluish-gray-background-color has-background\" style=\"border-top-left-radius:20px;border-top-right-radius:20px;border-bottom-left-radius:20px;border-bottom-right-radius:20px\">Regrettant toujours d\u2019avoir \u00e9t\u00e9 \u00ab mis devant le fait accompli \u00bb en amont de la d\u00e9cision, les opposants \u00e0 l\u2019antenne se disent \u00ab soulag\u00e9s \u00bb apr\u00e8s cette annonce. \u00ab Personne n\u2019a de probl\u00e8mes de r\u00e9seau ici, ce n\u2019est pas une zone blanche. \u00bb<\/p>\n<\/div>\n<\/div>\n<\/div>\n<\/div>\n\n\n\n<div style=\"height:30px\" aria-hidden=\"true\" class=\"wp-block-spacer\"><\/div>\n\n\n\n<p class=\"has-text-align-center has-background\" style=\"border-top-left-radius:20px;border-top-right-radius:20px;border-bottom-left-radius:20px;border-bottom-right-radius:20px;background-color:#f0d8b3\"><strong>Des \u00ab failles \u00bb relev\u00e9es dans un audit<\/strong><br><br>Plusieurs arguments ont \u00e9t\u00e9 avanc\u00e9s comme les nuisances sonores, visuelles dans le paysage, la perte de valeur immobili\u00e8re ou encore les interrogations sur l\u2019impact des ondes sur la sant\u00e9 des humains.<br><a href=\"https:\/\/www.vosgesmatin.fr\/economie\/2026\/01\/19\/des-habitants-de-saint-die-lancent-une-petition-contre-l-installation-d-une-antenne-5g-de-42-m-de-haut\" target=\"_blank\" rel=\"noreferrer noopener\">Une p\u00e9tition a m\u00eame \u00e9t\u00e9 lanc\u00e9e<\/a>, une banderole d\u00e9ploy\u00e9e sur la route qui m\u00e8ne au centre hospitalier. Ayant eu vent d\u2019un cas similaire \u00e0 Vagney, ils se sont rapproch\u00e9s d\u2019un cabinet d\u2019urbanisme et d\u2019environnement pour r\u00e9aliser, \u00e0 leurs frais (1 100 \u20ac, quasi-int\u00e9gralement rembours\u00e9s gr\u00e2ce \u00e0 une cagnotte Leetchi), un audit sur cette future antenne. Des \u00ab failles \u00bb avaient \u00e9t\u00e9 observ\u00e9es dans le dossier, ajoutent-ils, notamment en mati\u00e8re de \u00ab s\u00e9curit\u00e9 incendie dans un environnement bois\u00e9 \u00bb.<\/p>\n\n\n\n<div class=\"wp-block-columns is-layout-flex wp-container-core-columns-is-layout-28f84493 wp-block-columns-is-layout-flex\">\n<div class=\"wp-block-column is-vertically-aligned-center is-layout-flow wp-block-column-is-layout-flow\">\n<figure data-wp-context=\"{&quot;imageId&quot;:&quot;69eb6833d506b&quot;}\" data-wp-interactive=\"core\/image\" data-wp-key=\"69eb6833d506b\" class=\"wp-block-image size-full has-custom-border wp-lightbox-container\"><img loading=\"lazy\" decoding=\"async\" width=\"640\" height=\"427\" data-wp-class--hide=\"state.isContentHidden\" data-wp-class--show=\"state.isContentVisible\" data-wp-init=\"callbacks.setButtonStyles\" data-wp-on--click=\"actions.showLightbox\" data-wp-on--load=\"callbacks.setButtonStyles\" data-wp-on-window--resize=\"callbacks.setButtonStyles\" src=\"https:\/\/pourkoila.fr\/wp-content\/uploads\/2026\/04\/simulation-antenne.jpeg\" alt=\"\" class=\"wp-image-1395\" style=\"border-top-left-radius:10px;border-top-right-radius:10px;border-bottom-left-radius:10px;border-bottom-right-radius:10px\" srcset=\"https:\/\/pourkoila.fr\/wp-content\/uploads\/2026\/04\/simulation-antenne.jpeg 640w, https:\/\/pourkoila.fr\/wp-content\/uploads\/2026\/04\/simulation-antenne-300x200.jpeg 300w\" sizes=\"auto, (max-width: 640px) 100vw, 640px\" \/><button\n\t\t\tclass=\"lightbox-trigger\"\n\t\t\ttype=\"button\"\n\t\t\taria-haspopup=\"dialog\"\n\t\t\taria-label=\"Agrandir\"\n\t\t\tdata-wp-init=\"callbacks.initTriggerButton\"\n\t\t\tdata-wp-on--click=\"actions.showLightbox\"\n\t\t\tdata-wp-style--right=\"state.imageButtonRight\"\n\t\t\tdata-wp-style--top=\"state.imageButtonTop\"\n\t\t>\n\t\t\t<svg xmlns=\"http:\/\/www.w3.org\/2000\/svg\" width=\"12\" height=\"12\" fill=\"none\" viewBox=\"0 0 12 12\">\n\t\t\t\t<path fill=\"#fff\" d=\"M2 0a2 2 0 0 0-2 2v2h1.5V2a.5.5 0 0 1 .5-.5h2V0H2Zm2 10.5H2a.5.5 0 0 1-.5-.5V8H0v2a2 2 0 0 0 2 2h2v-1.5ZM8 12v-1.5h2a.5.5 0 0 0 .5-.5V8H12v2a2 2 0 0 1-2 2H8Zm2-12a2 2 0 0 1 2 2v2h-1.5V2a.5.5 0 0 0-.5-.5H8V0h2Z\" \/>\n\t\t\t<\/svg>\n\t\t<\/button><\/figure>\n<\/div>\n\n\n\n<div class=\"wp-block-column is-vertically-aligned-center is-layout-flow wp-block-column-is-layout-flow\">\n<figure data-wp-context=\"{&quot;imageId&quot;:&quot;69eb6833d54b6&quot;}\" data-wp-interactive=\"core\/image\" data-wp-key=\"69eb6833d54b6\" class=\"wp-block-image size-full has-custom-border wp-lightbox-container\"><img loading=\"lazy\" decoding=\"async\" width=\"640\" height=\"480\" data-wp-class--hide=\"state.isContentHidden\" data-wp-class--show=\"state.isContentVisible\" data-wp-init=\"callbacks.setButtonStyles\" data-wp-on--click=\"actions.showLightbox\" data-wp-on--load=\"callbacks.setButtonStyles\" data-wp-on-window--resize=\"callbacks.setButtonStyles\" src=\"https:\/\/pourkoila.fr\/wp-content\/uploads\/2026\/04\/IMG_2931.jpeg\" alt=\"\" class=\"wp-image-1396\" style=\"border-top-left-radius:10px;border-top-right-radius:10px;border-bottom-left-radius:10px;border-bottom-right-radius:10px\" srcset=\"https:\/\/pourkoila.fr\/wp-content\/uploads\/2026\/04\/IMG_2931.jpeg 640w, https:\/\/pourkoila.fr\/wp-content\/uploads\/2026\/04\/IMG_2931-300x225.jpeg 300w\" sizes=\"auto, (max-width: 640px) 100vw, 640px\" \/><button\n\t\t\tclass=\"lightbox-trigger\"\n\t\t\ttype=\"button\"\n\t\t\taria-haspopup=\"dialog\"\n\t\t\taria-label=\"Agrandir\"\n\t\t\tdata-wp-init=\"callbacks.initTriggerButton\"\n\t\t\tdata-wp-on--click=\"actions.showLightbox\"\n\t\t\tdata-wp-style--right=\"state.imageButtonRight\"\n\t\t\tdata-wp-style--top=\"state.imageButtonTop\"\n\t\t>\n\t\t\t<svg xmlns=\"http:\/\/www.w3.org\/2000\/svg\" width=\"12\" height=\"12\" fill=\"none\" viewBox=\"0 0 12 12\">\n\t\t\t\t<path fill=\"#fff\" d=\"M2 0a2 2 0 0 0-2 2v2h1.5V2a.5.5 0 0 1 .5-.5h2V0H2Zm2 10.5H2a.5.5 0 0 1-.5-.5V8H0v2a2 2 0 0 0 2 2h2v-1.5ZM8 12v-1.5h2a.5.5 0 0 0 .5-.5V8H12v2a2 2 0 0 1-2 2H8Zm2-12a2 2 0 0 1 2 2v2h-1.5V2a.5.5 0 0 0-.5-.5H8V0h2Z\" \/>\n\t\t\t<\/svg>\n\t\t<\/button><\/figure>\n<\/div>\n\n\n\n<div class=\"wp-block-column is-vertically-aligned-center is-layout-flow wp-block-column-is-layout-flow\">\n<figure class=\"wp-block-image size-full has-custom-border\"><img loading=\"lazy\" decoding=\"async\" width=\"1600\" height=\"1067\" src=\"https:\/\/pourkoila.fr\/wp-content\/uploads\/2026\/04\/Image-victoire.jpg\" alt=\"\" class=\"wp-image-1381\" style=\"border-top-left-radius:10px;border-top-right-radius:10px;border-bottom-left-radius:10px;border-bottom-right-radius:10px\" srcset=\"https:\/\/pourkoila.fr\/wp-content\/uploads\/2026\/04\/Image-victoire.jpg 1600w, https:\/\/pourkoila.fr\/wp-content\/uploads\/2026\/04\/Image-victoire-300x200.jpg 300w, https:\/\/pourkoila.fr\/wp-content\/uploads\/2026\/04\/Image-victoire-1024x683.jpg 1024w, https:\/\/pourkoila.fr\/wp-content\/uploads\/2026\/04\/Image-victoire-768x512.jpg 768w, https:\/\/pourkoila.fr\/wp-content\/uploads\/2026\/04\/Image-victoire-1536x1024.jpg 1536w\" sizes=\"auto, (max-width: 1600px) 100vw, 1600px\" \/><\/figure>\n<\/div>\n<\/div>\n\n\n\n<p class=\"has-text-align-center has-palette-color-5-background-color has-background\" style=\"border-top-left-radius:20px;border-top-right-radius:20px;border-bottom-left-radius:20px;border-bottom-right-radius:20px\"><strong>\u00ab Il n\u2019y a plus de projet, tout est tomb\u00e9 \u00e0 l\u2019eau \u00bb<\/strong><br><br>Pour retrouver leur tranquillit\u00e9, les riverains, accompagn\u00e9s par un cabinet parisien, ont d\u00e9cid\u00e9 d\u2019engager un recours devant le tribunal administratif de Nancy. Recours toujours en cours et ce, tant que le maire n\u2019a pas adopt\u00e9 deux arr\u00eat\u00e9s municipaux pour annuler les autorisations de construction prononc\u00e9es dans deux arr\u00eat\u00e9s de juillet et d\u00e9cembre 2025. \u00ab Il n\u2019y a plus de projet, tout est tomb\u00e9 \u00e0 l\u2019eau \u00bb, r\u00e9torque <a href=\"https:\/\/www.vosgesmatin.fr\/elections\/2026\/03\/22\/saint-die-bruno-toussaint-elu-maire-avec-49-82-des-voix\" target=\"_blank\" rel=\"noreferrer noopener\">Bruno Toussaint<\/a>. \u00ab On s\u2019y prendra diff\u00e9remment \u00bb pour les projets d\u2019implantation \u00e0 venir, explique l\u2019\u00e9lu.<\/p>\n\n\n\n<p class=\"has-pale-cyan-blue-background-color has-background\" style=\"border-top-left-radius:20px;border-top-right-radius:20px;border-bottom-left-radius:20px;border-bottom-right-radius:20px\">Des dommages et int\u00e9r\u00eats seront-ils demand\u00e9s par Free \u00e0 la Ville de Saint-Di\u00e9 ? \u00ab Non \u00bb, fait valoir le maire. Un autre lieu d\u2019implantation sera-t-il choisi pour cette antenne 5G apr\u00e8s ce retrait ? \u00ab Il n\u2019y a pas d\u2019autre projet \u00e0 l\u2019\u00e9tude \u00bb, ajoute l\u2019\u00e9dile. Sollicit\u00e9, l\u2019op\u00e9rateur n\u2019a pas r\u00e9pondu \u00e0 nos questions \u00e0 l\u2019heure o\u00f9 nous \u00e9crivons ces lignes.<\/p>\n\n\n\n<div style=\"height:50px\" aria-hidden=\"true\" class=\"wp-block-spacer\"><\/div>\n\n\n\n<div class=\"wp-block-columns is-layout-flex wp-container-core-columns-is-layout-28f84493 wp-block-columns-is-layout-flex\">\n<div class=\"wp-block-column is-layout-flow wp-block-column-is-layout-flow\">\n<p class=\"has-text-align-center has-background\" style=\"border-top-left-radius:8px;border-top-right-radius:8px;border-bottom-left-radius:8px;border-bottom-right-radius:8px;background-color:#e2c4f3;padding-top:var(--wp--preset--spacing--30);padding-right:var(--wp--preset--spacing--30);padding-bottom:var(--wp--preset--spacing--30);padding-left:var(--wp--preset--spacing--30)\">Pour le collectif antenne 5 G &#8211; P\u00e9tition sur le site <a href=\"http:\/\/change.org\" title=\"\">Change.org<\/a><\/p>\n<\/div>\n<\/div>\n\n\n\n<p class=\"has-text-align-center has-vivid-purple-color has-text-color has-background has-link-color has-medium-font-size wp-elements-0ec197f732e61fea7ddbec7b627fa8db\" style=\"border-top-left-radius:9px;border-top-right-radius:9px;border-bottom-left-radius:9px;border-bottom-right-radius:9px;background-color:#c3d6a9;padding-top:var(--wp--preset--spacing--30);padding-right:var(--wp--preset--spacing--30);padding-bottom:var(--wp--preset--spacing--30);padding-left:var(--wp--preset--spacing--30)\"><a href=\"https:\/\/c.org\/9zhZ4vQygF\">https:\/\/c.org\/9zhZ4vQygF<\/a><\/p>\n\n\n\n<div class=\"wp-block-columns is-layout-flex wp-container-core-columns-is-layout-28f84493 wp-block-columns-is-layout-flex\">\n<div class=\"wp-block-column is-vertically-aligned-center is-layout-flow wp-block-column-is-layout-flow\"><\/div>\n\n\n\n<div class=\"wp-block-column is-vertically-aligned-center has-background is-layout-flow wp-block-column-is-layout-flow\" style=\"border-top-left-radius:6px;border-top-right-radius:6px;border-bottom-left-radius:6px;border-bottom-right-radius:6px;background-color:#e3d0f4;padding-top:var(--wp--preset--spacing--30);padding-right:var(--wp--preset--spacing--30);padding-bottom:var(--wp--preset--spacing--30);padding-left:var(--wp--preset--spacing--30)\">\n<figure class=\"wp-block-image aligncenter size-full\"><img loading=\"lazy\" decoding=\"async\" width=\"167\" height=\"200\" src=\"https:\/\/pourkoila.fr\/wp-content\/uploads\/2026\/03\/Petition-Saint-Die.jpg\" alt=\"\" class=\"wp-image-1336\"\/><\/figure>\n<\/div>\n\n\n\n<div class=\"wp-block-column is-layout-flow wp-block-column-is-layout-flow\"><\/div>\n<\/div>\n\n\n\n<div style=\"height:50px\" aria-hidden=\"true\" class=\"wp-block-spacer\"><\/div>\n\n\n\n<div class=\"wp-block-columns is-layout-flex wp-container-core-columns-is-layout-28f84493 wp-block-columns-is-layout-flex\">\n<div class=\"wp-block-column is-layout-flow wp-block-column-is-layout-flow\">\n<p class=\"has-text-align-center has-background\" style=\"border-top-left-radius:7px;border-top-right-radius:7px;border-bottom-left-radius:7px;border-bottom-right-radius:7px;background-color:#f3dfdf;padding-top:var(--wp--preset--spacing--30);padding-right:var(--wp--preset--spacing--30);padding-bottom:var(--wp--preset--spacing--30);padding-left:var(--wp--preset--spacing--30)\">Cagnotte permettant de financer le recours devant le tribunal administratif de Nancy &#8211;&gt;<\/p>\n<\/div>\n<\/div>\n\n\n\n<p class=\"has-text-align-center has-background has-medium-font-size\" style=\"border-top-left-radius:8px;border-top-right-radius:8px;border-bottom-left-radius:8px;border-bottom-right-radius:8px;background-color:#f6d6f5;padding-top:var(--wp--preset--spacing--30);padding-right:var(--wp--preset--spacing--30);padding-bottom:var(--wp--preset--spacing--30);padding-left:var(--wp--preset--spacing--30)\"><a href=\"https:\/\/www.leetchi.com\/fr\/c\/contre-lantenne-5g-du-bois-basselin-7986878\">https:\/\/www.leetchi.com\/fr\/c\/contre-lantenne-5g-du-bois-basselin-7986878<\/a><\/p>\n\n\n\n<p class=\"has-text-align-center has-background\" style=\"border-top-left-radius:5px;border-top-right-radius:5px;border-bottom-left-radius:5px;border-bottom-right-radius:5px;background-color:#b4f7dc;margin-top:var(--wp--preset--spacing--30);margin-right:var(--wp--preset--spacing--30);margin-bottom:var(--wp--preset--spacing--30);margin-left:var(--wp--preset--spacing--30)\">Merci pour votre contribution !<\/p>\n\n\n\n<div style=\"height:50px\" aria-hidden=\"true\" class=\"wp-block-spacer\"><\/div>\n\n\n\n<div class=\"wp-block-columns is-layout-flex wp-container-core-columns-is-layout-28f84493 wp-block-columns-is-layout-flex\">\n<div class=\"wp-block-column is-layout-flow wp-block-column-is-layout-flow\"><a href=\"https:\/\/pourkoila.fr\/wp-content\/uploads\/2026\/03\/decalration-9-fevrier.pdf\" class=\"pdfemb-viewer\" style=\"width:1000px;\" data-width=\"1000\" data-height=\"max\" data-toolbar=\"bottom\" data-toolbar-fixed=\"off\">decalration-9-fevrier<\/a><\/div>\n\n\n\n<div class=\"wp-block-column is-layout-flow wp-block-column-is-layout-flow\"><a href=\"https:\/\/pourkoila.fr\/wp-content\/uploads\/2026\/03\/plaidoyer-elections-version-cm.pdf\" class=\"pdfemb-viewer\" style=\"width:1000px;\" data-width=\"1000\" data-height=\"max\" data-toolbar=\"bottom\" data-toolbar-fixed=\"off\">plaidoyer-elections-version-cm<\/a><\/div>\n<\/div>\n","protected":false},"excerpt":{"rendered":"<p>Pourkoil\u00e0 ! Projet d&rsquo;antenne sur Saint-Di\u00e9-les-Vosges : Free renonce au projet. Apr\u00e8s plusieurs mois d\u2019attente et de luttes, l\u2019op\u00e9rateur Free renonce \u00e0 son projet d\u2019antenne 5G de 42 m de haut au Bois-Basselin. Un collectif de riverains s\u2019est mobilis\u00e9 pour s\u2019opposer \u00e0 ce projet act\u00e9 en conseil municipal avant que le maire ne d\u00e9cide de [&hellip;]<\/p>\n","protected":false},"author":1,"featured_media":0,"parent":0,"menu_order":0,"comment_status":"closed","ping_status":"closed","template":"","meta":{"footnotes":""},"class_list":["post-1333","page","type-page","status-publish","hentry"],"blocksy_meta":[],"aioseo_notices":[],"_links":{"self":[{"href":"https:\/\/pourkoila.fr\/index.php?rest_route=\/wp\/v2\/pages\/1333","targetHints":{"allow":["GET"]}}],"collection":[{"href":"https:\/\/pourkoila.fr\/index.php?rest_route=\/wp\/v2\/pages"}],"about":[{"href":"https:\/\/pourkoila.fr\/index.php?rest_route=\/wp\/v2\/types\/page"}],"author":[{"embeddable":true,"href":"https:\/\/pourkoila.fr\/index.php?rest_route=\/wp\/v2\/users\/1"}],"replies":[{"embeddable":true,"href":"https:\/\/pourkoila.fr\/index.php?rest_route=%2Fwp%2Fv2%2Fcomments&post=1333"}],"version-history":[{"count":28,"href":"https:\/\/pourkoila.fr\/index.php?rest_route=\/wp\/v2\/pages\/1333\/revisions"}],"predecessor-version":[{"id":1394,"href":"https:\/\/pourkoila.fr\/index.php?rest_route=\/wp\/v2\/pages\/1333\/revisions\/1394"}],"wp:attachment":[{"href":"https:\/\/pourkoila.fr\/index.php?rest_route=%2Fwp%2Fv2%2Fmedia&parent=1333"}],"curies":[{"name":"wp","href":"https:\/\/api.w.org\/{rel}","templated":true}]}}